{"id":9,"date":"2018-03-21T20:43:57","date_gmt":"2018-03-21T20:43:57","guid":{"rendered":"http:\/\/fewo-teterow.de\/?page_id=9"},"modified":"2022-01-04T10:16:14","modified_gmt":"2022-01-04T09:16:14","slug":"ferienwohnung-2","status":"publish","type":"page","link":"http:\/\/fewo-teterow.de\/?page_id=9","title":{"rendered":"Ferienwohnung 2"},"content":{"rendered":"<p>Ferienwohnung\u00a02 befindet sich im zweiten Obergeschoss des Hauses.<\/p>\n<p>Im Schlafzimmer k\u00f6nnen 2 Personen bequem und ruhig schlafen.<br \/>\nDas Wohnzimmer ist ausgestattet mit einem Flachbildschirm-TV und bietet eine Aufbettungsm\u00f6glichkeit auf einer Schlafliege f\u00fcr eine 3. Person<\/p>\n<p>Die K\u00fcche ist ausgestattet mit:<br \/>\n&#8211; E-Herd mit Ceran-Kochfeld und Backr\u00f6hre<br \/>\n&#8211; K\u00fchlschrank mit Gefrierfach<br \/>\n&#8211; Mikrowelle<br \/>\n&#8211; Toaster<br \/>\n&#8211; Kaffeemaschine<br \/>\n&#8211; Wasserkocher<br \/>\n&#8211; Radio mit CD-Player<\/p>\n<p>Das Bad hat eine Badewanne und Duschvorhang.<\/p>\n<p>F\u00fcr Kleinkinder kann bei Bedarf ein Reisekinderbett und ein Hochstuhl bereit gestellt werden.<\/p>\n<div id='gallery-1' class='gallery galleryid-9 gallery-columns-2 gallery-size-medium'><figure class='gallery-item'>\n\t\t\t<div class='gallery-icon landscape'>\n\t\t\t\t<a href='http:\/\/fewo-teterow.de\/?attachment_id=179'><img width=\"300\" height=\"225\" src=\"http:\/\/fewo-teterow.de\/wp-content\/uploads\/2022\/01\/IMG_20210714_082002_800-300x225.jpg\" class=\"attachment-medium size-medium\" alt=\"\" loading=\"lazy\" aria-describedby=\"gallery-1-179\" srcset=\"http:\/\/fewo-teterow.de\/wp-content\/uploads\/2022\/01\/IMG_20210714_082002_800-300x225.jpg 300w, http:\/\/fewo-teterow.de\/wp-content\/uploads\/2022\/01\/IMG_20210714_082002_800-768x576.jpg 768w, http:\/\/fewo-teterow.de\/wp-content\/uploads\/2022\/01\/IMG_20210714_082002_800.jpg 800w\" sizes=\"(max-width: 300px) 100vw, 300px\" \/><\/a>\n\t\t\t<\/div>\n\t\t\t\t<figcaption class='wp-caption-text gallery-caption' id='gallery-1-179'>\n\t\t\t\tSchlafzimmer\n\t\t\t\t<\/figcaption><\/figure><figure class='gallery-item'>\n\t\t\t<div class='gallery-icon portrait'>\n\t\t\t\t<a href='http:\/\/fewo-teterow.de\/?attachment_id=178'><img width=\"253\" height=\"300\" src=\"http:\/\/fewo-teterow.de\/wp-content\/uploads\/2022\/01\/Fewo-2-Bad_800-253x300.jpg\" class=\"attachment-medium size-medium\" alt=\"\" loading=\"lazy\" aria-describedby=\"gallery-1-178\" srcset=\"http:\/\/fewo-teterow.de\/wp-content\/uploads\/2022\/01\/Fewo-2-Bad_800-253x300.jpg 253w, http:\/\/fewo-teterow.de\/wp-content\/uploads\/2022\/01\/Fewo-2-Bad_800-768x911.jpg 768w, http:\/\/fewo-teterow.de\/wp-content\/uploads\/2022\/01\/Fewo-2-Bad_800.jpg 800w\" sizes=\"(max-width: 253px) 100vw, 253px\" \/><\/a>\n\t\t\t<\/div>\n\t\t\t\t<figcaption class='wp-caption-text gallery-caption' id='gallery-1-178'>\n\t\t\t\tBad\n\t\t\t\t<\/figcaption><\/figure><figure class='gallery-item'>\n\t\t\t<div class='gallery-icon landscape'>\n\t\t\t\t<a href='http:\/\/fewo-teterow.de\/?attachment_id=151'><img width=\"300\" height=\"217\" src=\"http:\/\/fewo-teterow.de\/wp-content\/uploads\/2020\/01\/C49B6E34-E120-43A7-8A6D-2FEAF55FB685-300x217.jpeg\" class=\"attachment-medium size-medium\" alt=\"\" loading=\"lazy\" aria-describedby=\"gallery-1-151\" srcset=\"http:\/\/fewo-teterow.de\/wp-content\/uploads\/2020\/01\/C49B6E34-E120-43A7-8A6D-2FEAF55FB685-300x217.jpeg 300w, http:\/\/fewo-teterow.de\/wp-content\/uploads\/2020\/01\/C49B6E34-E120-43A7-8A6D-2FEAF55FB685-768x555.jpeg 768w, http:\/\/fewo-teterow.de\/wp-content\/uploads\/2020\/01\/C49B6E34-E120-43A7-8A6D-2FEAF55FB685-1024x740.jpeg 1024w, http:\/\/fewo-teterow.de\/wp-content\/uploads\/2020\/01\/C49B6E34-E120-43A7-8A6D-2FEAF55FB685.jpeg 1280w\" sizes=\"(max-width: 300px) 100vw, 300px\" \/><\/a>\n\t\t\t<\/div>\n\t\t\t\t<figcaption class='wp-caption-text gallery-caption' id='gallery-1-151'>\n\t\t\t\tK\u00fcche mit Essbereich\n\t\t\t\t<\/figcaption><\/figure><figure class='gallery-item'>\n\t\t\t<div class='gallery-icon landscape'>\n\t\t\t\t<a href='http:\/\/fewo-teterow.de\/?attachment_id=143'><img width=\"300\" height=\"225\" src=\"http:\/\/fewo-teterow.de\/wp-content\/uploads\/2020\/01\/1BC0BB7A-D195-4D14-B219-55C0E26D120F-300x225.jpeg\" class=\"attachment-medium size-medium\" alt=\"\" loading=\"lazy\" aria-describedby=\"gallery-1-143\" srcset=\"http:\/\/fewo-teterow.de\/wp-content\/uploads\/2020\/01\/1BC0BB7A-D195-4D14-B219-55C0E26D120F-300x225.jpeg 300w, http:\/\/fewo-teterow.de\/wp-content\/uploads\/2020\/01\/1BC0BB7A-D195-4D14-B219-55C0E26D120F-768x576.jpeg 768w, http:\/\/fewo-teterow.de\/wp-content\/uploads\/2020\/01\/1BC0BB7A-D195-4D14-B219-55C0E26D120F-1024x768.jpeg 1024w, http:\/\/fewo-teterow.de\/wp-content\/uploads\/2020\/01\/1BC0BB7A-D195-4D14-B219-55C0E26D120F.jpeg 1134w\" sizes=\"(max-width: 300px) 100vw, 300px\" \/><\/a>\n\t\t\t<\/div>\n\t\t\t\t<figcaption class='wp-caption-text gallery-caption' id='gallery-1-143'>\n\t\t\t\tK\u00fcche mit Essbereich\n\t\t\t\t<\/figcaption><\/figure><figure class='gallery-item'>\n\t\t\t<div class='gallery-icon landscape'>\n\t\t\t\t<a href='http:\/\/fewo-teterow.de\/?attachment_id=147'><img width=\"300\" height=\"225\" src=\"http:\/\/fewo-teterow.de\/wp-content\/uploads\/2020\/01\/EDFD926A-F9B1-4DA8-AA35-8931261FD4D8-300x225.jpeg\" class=\"attachment-medium size-medium\" alt=\"\" loading=\"lazy\" srcset=\"http:\/\/fewo-teterow.de\/wp-content\/uploads\/2020\/01\/EDFD926A-F9B1-4DA8-AA35-8931261FD4D8-300x225.jpeg 300w, http:\/\/fewo-teterow.de\/wp-content\/uploads\/2020\/01\/EDFD926A-F9B1-4DA8-AA35-8931261FD4D8-768x575.jpeg 768w, http:\/\/fewo-teterow.de\/wp-content\/uploads\/2020\/01\/EDFD926A-F9B1-4DA8-AA35-8931261FD4D8-1024x766.jpeg 1024w, http:\/\/fewo-teterow.de\/wp-content\/uploads\/2020\/01\/EDFD926A-F9B1-4DA8-AA35-8931261FD4D8.jpeg 1280w\" sizes=\"(max-width: 300px) 100vw, 300px\" \/><\/a>\n\t\t\t<\/div><\/figure><figure class='gallery-item'>\n\t\t\t<div class='gallery-icon landscape'>\n\t\t\t\t<a href='http:\/\/fewo-teterow.de\/?attachment_id=146'><img width=\"300\" height=\"227\" src=\"http:\/\/fewo-teterow.de\/wp-content\/uploads\/2020\/01\/84089F70-6C17-4EF3-8B24-7D07E3FA43DD-300x227.jpeg\" class=\"attachment-medium size-medium\" alt=\"\" loading=\"lazy\" aria-describedby=\"gallery-1-146\" srcset=\"http:\/\/fewo-teterow.de\/wp-content\/uploads\/2020\/01\/84089F70-6C17-4EF3-8B24-7D07E3FA43DD-300x227.jpeg 300w, http:\/\/fewo-teterow.de\/wp-content\/uploads\/2020\/01\/84089F70-6C17-4EF3-8B24-7D07E3FA43DD-768x582.jpeg 768w, http:\/\/fewo-teterow.de\/wp-content\/uploads\/2020\/01\/84089F70-6C17-4EF3-8B24-7D07E3FA43DD-1024x776.jpeg 1024w, http:\/\/fewo-teterow.de\/wp-content\/uploads\/2020\/01\/84089F70-6C17-4EF3-8B24-7D07E3FA43DD.jpeg 1280w\" sizes=\"(max-width: 300px) 100vw, 300px\" \/><\/a>\n\t\t\t<\/div>\n\t\t\t\t<figcaption class='wp-caption-text gallery-caption' id='gallery-1-146'>\n\t\t\t\tWohnzimmer\n\t\t\t\t<\/figcaption><\/figure><figure class='gallery-item'>\n\t\t\t<div class='gallery-icon landscape'>\n\t\t\t\t<a href='http:\/\/fewo-teterow.de\/?attachment_id=145'><img width=\"300\" height=\"214\" src=\"http:\/\/fewo-teterow.de\/wp-content\/uploads\/2020\/01\/026CC567-84AE-477F-BD78-332526764C92-300x214.jpeg\" class=\"attachment-medium size-medium\" alt=\"\" loading=\"lazy\" aria-describedby=\"gallery-1-145\" srcset=\"http:\/\/fewo-teterow.de\/wp-content\/uploads\/2020\/01\/026CC567-84AE-477F-BD78-332526764C92-300x214.jpeg 300w, http:\/\/fewo-teterow.de\/wp-content\/uploads\/2020\/01\/026CC567-84AE-477F-BD78-332526764C92-768x547.jpeg 768w, http:\/\/fewo-teterow.de\/wp-content\/uploads\/2020\/01\/026CC567-84AE-477F-BD78-332526764C92-1024x729.jpeg 1024w, http:\/\/fewo-teterow.de\/wp-content\/uploads\/2020\/01\/026CC567-84AE-477F-BD78-332526764C92.jpeg 1280w\" sizes=\"(max-width: 300px) 100vw, 300px\" \/><\/a>\n\t\t\t<\/div>\n\t\t\t\t<figcaption class='wp-caption-text gallery-caption' id='gallery-1-145'>\n\t\t\t\tFlur\n\t\t\t\t<\/figcaption><\/figure>\n\t\t<\/div>\n\n","protected":false},"excerpt":{"rendered":"<p>Ferienwohnung\u00a02 befindet sich im zweiten Obergeschoss des Hauses. Im Schlafzimmer k\u00f6nnen 2 Personen bequem und ruhig schlafen. Das Wohnzimmer ist ausgestattet mit einem Flachbildschirm-TV und bietet eine Aufbettungsm\u00f6glichkeit auf einer Schlafliege f\u00fcr eine 3. Person Die K\u00fcche ist ausgestattet mit: <a href=\"http:\/\/fewo-teterow.de\/?page_id=9\" class=\"read-more\">Weiterlesen<\/a><\/p>\n","protected":false},"author":1,"featured_media":0,"parent":0,"menu_order":0,"comment_status":"closed","ping_status":"closed","template":"","meta":[],"_links":{"self":[{"href":"http:\/\/fewo-teterow.de\/index.php?rest_route=\/wp\/v2\/pages\/9"}],"collection":[{"href":"http:\/\/fewo-teterow.de\/index.php?rest_route=\/wp\/v2\/pages"}],"about":[{"href":"http:\/\/fewo-teterow.de\/index.php?rest_route=\/wp\/v2\/types\/page"}],"author":[{"embeddable":true,"href":"http:\/\/fewo-teterow.de\/index.php?rest_route=\/wp\/v2\/users\/1"}],"replies":[{"embeddable":true,"href":"http:\/\/fewo-teterow.de\/index.php?rest_route=%2Fwp%2Fv2%2Fcomments&post=9"}],"version-history":[{"count":14,"href":"http:\/\/fewo-teterow.de\/index.php?rest_route=\/wp\/v2\/pages\/9\/revisions"}],"predecessor-version":[{"id":180,"href":"http:\/\/fewo-teterow.de\/index.php?rest_route=\/wp\/v2\/pages\/9\/revisions\/180"}],"wp:attachment":[{"href":"http:\/\/fewo-teterow.de\/index.php?rest_route=%2Fwp%2Fv2%2Fmedia&parent=9"}],"curies":[{"name":"wp","href":"https:\/\/api.w.org\/{rel}","templated":true}]}}

<p>Ferienwohnung 2 befindet sich im zweiten Obergeschoss des Hauses.</p>
<p>Im Schlafzimmer können 2 Personen bequem und ruhig schlafen.<br />
Das Wohnzimmer ist ausgestattet mit einem Flachbildschirm-TV und bietet eine Aufbettungsmöglichkeit auf einer Schlafliege für eine 3. Person</p>
<p>Die Küche ist ausgestattet mit:<br />
&#8211; E-Herd mit Ceran-Kochfeld und Backröhre<br />
&#8211; Kühlschrank mit Gefrierfach<br />
&#8211; Mikrowelle<br />
&#8211; Toaster<br />
&#8211; Kaffeemaschine<br />
&#8211; Wasserkocher<br />
&#8211; Radio mit CD-Player</p>
<p>Das Bad hat eine Badewanne und Duschvorhang.</p>
<p>Für Kleinkinder kann bei Bedarf ein Reisekinderbett und ein Hochstuhl bereit gestellt werden.</p>
<div id='gallery-1' class='gallery galleryid-9 gallery-columns-2 gallery-size-medium'><figure class='gallery-item'>
			<div class='gallery-icon landscape'>
				<a href='http://fewo-teterow.de/?attachment_id=179'><img width="300" height="225" src="http://fewo-teterow.de/wp-content/uploads/2022/01/IMG_20210714_082002_800-300x225.jpg" class="attachment-medium size-medium" alt="" loading="lazy" aria-describedby="gallery-1-179" srcset="http://fewo-teterow.de/wp-content/uploads/2022/01/IMG_20210714_082002_800-300x225.jpg 300w, http://fewo-teterow.de/wp-content/uploads/2022/01/IMG_20210714_082002_800-768x576.jpg 768w, http://fewo-teterow.de/wp-content/uploads/2022/01/IMG_20210714_082002_800.jpg 800w" sizes="(max-width: 300px) 100vw, 300px" /></a>
			</div>
				<figcaption class='wp-caption-text gallery-caption' id='gallery-1-179'>
				Schlafzimmer
				</figcaption></figure><figure class='gallery-item'>
			<div class='gallery-icon portrait'>
				<a href='http://fewo-teterow.de/?attachment_id=178'><img width="253" height="300" src="http://fewo-teterow.de/wp-content/uploads/2022/01/Fewo-2-Bad_800-253x300.jpg" class="attachment-medium size-medium" alt="" loading="lazy" aria-describedby="gallery-1-178" srcset="http://fewo-teterow.de/wp-content/uploads/2022/01/Fewo-2-Bad_800-253x300.jpg 253w, http://fewo-teterow.de/wp-content/uploads/2022/01/Fewo-2-Bad_800-768x911.jpg 768w, http://fewo-teterow.de/wp-content/uploads/2022/01/Fewo-2-Bad_800.jpg 800w" sizes="(max-width: 253px) 100vw, 253px" /></a>
			</div>
				<figcaption class='wp-caption-text gallery-caption' id='gallery-1-178'>
				Bad
				</figcaption></figure><figure class='gallery-item'>
			<div class='gallery-icon landscape'>
				<a href='http://fewo-teterow.de/?attachment_id=151'><img width="300" height="217" src="http://fewo-teterow.de/wp-content/uploads/2020/01/C49B6E34-E120-43A7-8A6D-2FEAF55FB685-300x217.jpeg" class="attachment-medium size-medium" alt="" loading="lazy" aria-describedby="gallery-1-151" srcset="http://fewo-teterow.de/wp-content/uploads/2020/01/C49B6E34-E120-43A7-8A6D-2FEAF55FB685-300x217.jpeg 300w, http://fewo-teterow.de/wp-content/uploads/2020/01/C49B6E34-E120-43A7-8A6D-2FEAF55FB685-768x555.jpeg 768w, http://fewo-teterow.de/wp-content/uploads/2020/01/C49B6E34-E120-43A7-8A6D-2FEAF55FB685-1024x740.jpeg 1024w, http://fewo-teterow.de/wp-content/uploads/2020/01/C49B6E34-E120-43A7-8A6D-2FEAF55FB685.jpeg 1280w" sizes="(max-width: 300px) 100vw, 300px" /></a>
			</div>
				<figcaption class='wp-caption-text gallery-caption' id='gallery-1-151'>
				Küche mit Essbereich
				</figcaption></figure><figure class='gallery-item'>
			<div class='gallery-icon landscape'>
				<a href='http://fewo-teterow.de/?attachment_id=143'><img width="300" height="225" src="http://fewo-teterow.de/wp-content/uploads/2020/01/1BC0BB7A-D195-4D14-B219-55C0E26D120F-300x225.jpeg" class="attachment-medium size-medium" alt="" loading="lazy" aria-describedby="gallery-1-143" srcset="http://fewo-teterow.de/wp-content/uploads/2020/01/1BC0BB7A-D195-4D14-B219-55C0E26D120F-300x225.jpeg 300w, http://fewo-teterow.de/wp-content/uploads/2020/01/1BC0BB7A-D195-4D14-B219-55C0E26D120F-768x576.jpeg 768w, http://fewo-teterow.de/wp-content/uploads/2020/01/1BC0BB7A-D195-4D14-B219-55C0E26D120F-1024x768.jpeg 1024w, http://fewo-teterow.de/wp-content/uploads/2020/01/1BC0BB7A-D195-4D14-B219-55C0E26D120F.jpeg 1134w" sizes="(max-width: 300px) 100vw, 300px" /></a>
			</div>
				<figcaption class='wp-caption-text gallery-caption' id='gallery-1-143'>
				Küche mit Essbereich
				</figcaption></figure><figure class='gallery-item'>
			<div class='gallery-icon landscape'>
				<a href='http://fewo-teterow.de/?attachment_id=147'><img width="300" height="225" src="http://fewo-teterow.de/wp-content/uploads/2020/01/EDFD926A-F9B1-4DA8-AA35-8931261FD4D8-300x225.jpeg" class="attachment-medium size-medium" alt="" loading="lazy" srcset="http://fewo-teterow.de/wp-content/uploads/2020/01/EDFD926A-F9B1-4DA8-AA35-8931261FD4D8-300x225.jpeg 300w, http://fewo-teterow.de/wp-content/uploads/2020/01/EDFD926A-F9B1-4DA8-AA35-8931261FD4D8-768x575.jpeg 768w, http://fewo-teterow.de/wp-content/uploads/2020/01/EDFD926A-F9B1-4DA8-AA35-8931261FD4D8-1024x766.jpeg 1024w, http://fewo-teterow.de/wp-content/uploads/2020/01/EDFD926A-F9B1-4DA8-AA35-8931261FD4D8.jpeg 1280w" sizes="(max-width: 300px) 100vw, 300px" /></a>
			</div></figure><figure class='gallery-item'>
			<div class='gallery-icon landscape'>
				<a href='http://fewo-teterow.de/?attachment_id=146'><img width="300" height="227" src="http://fewo-teterow.de/wp-content/uploads/2020/01/84089F70-6C17-4EF3-8B24-7D07E3FA43DD-300x227.jpeg" class="attachment-medium size-medium" alt="" loading="lazy" aria-describedby="gallery-1-146" srcset="http://fewo-teterow.de/wp-content/uploads/2020/01/84089F70-6C17-4EF3-8B24-7D07E3FA43DD-300x227.jpeg 300w, http://fewo-teterow.de/wp-content/uploads/2020/01/84089F70-6C17-4EF3-8B24-7D07E3FA43DD-768x582.jpeg 768w, http://fewo-teterow.de/wp-content/uploads/2020/01/84089F70-6C17-4EF3-8B24-7D07E3FA43DD-1024x776.jpeg 1024w, http://fewo-teterow.de/wp-content/uploads/2020/01/84089F70-6C17-4EF3-8B24-7D07E3FA43DD.jpeg 1280w" sizes="(max-width: 300px) 100vw, 300px" /></a>
			</div>
				<figcaption class='wp-caption-text gallery-caption' id='gallery-1-146'>
				Wohnzimmer
				</figcaption></figure><figure class='gallery-item'>
			<div class='gallery-icon landscape'>
				<a href='http://fewo-teterow.de/?attachment_id=145'><img width="300" height="214" src="http://fewo-teterow.de/wp-content/uploads/2020/01/026CC567-84AE-477F-BD78-332526764C92-300x214.jpeg" class="attachment-medium size-medium" alt="" loading="lazy" aria-describedby="gallery-1-145" srcset="http://fewo-teterow.de/wp-content/uploads/2020/01/026CC567-84AE-477F-BD78-332526764C92-300x214.jpeg 300w, http://fewo-teterow.de/wp-content/uploads/2020/01/026CC567-84AE-477F-BD78-332526764C92-768x547.jpeg 768w, http://fewo-teterow.de/wp-content/uploads/2020/01/026CC567-84AE-477F-BD78-332526764C92-1024x729.jpeg 1024w, http://fewo-teterow.de/wp-content/uploads/2020/01/026CC567-84AE-477F-BD78-332526764C92.jpeg 1280w" sizes="(max-width: 300px) 100vw, 300px" /></a>
			</div>
				<figcaption class='wp-caption-text gallery-caption' id='gallery-1-145'>
				Flur
				</figcaption></figure>
		</div>

<p>Ferienwohnung 2 befindet sich im zweiten Obergeschoss des Hauses. Im Schlafzimmer können 2 Personen bequem und ruhig schlafen. Das Wohnzimmer ist ausgestattet mit einem Flachbildschirm-TV und bietet eine Aufbettungsmöglichkeit auf einer Schlafliege für eine 3. Person Die Küche ist ausgestattet mit: <a href="http://fewo-teterow.de/?page_id=9" class="read-more">Weiterlesen</a></p>
